{"id":35,"date":"2024-02-08T17:51:06","date_gmt":"2024-02-08T16:51:06","guid":{"rendered":"https:\/\/www.nienburger-schlossfreunde.de\/verein\/?page_id=35"},"modified":"2025-10-01T08:41:57","modified_gmt":"2025-10-01T06:41:57","slug":"startseite","status":"publish","type":"page","link":"https:\/\/www.nienburger-schlossfreunde.de\/verein\/","title":{"rendered":"Willkommen"},"content":{"rendered":"\n<p>auf unserer neuen Internetseite.<\/p>\n\n\n\n<p><em>Die Vorgeschichte<\/em><br>Die zur Industriebrache verkommene, ehemalige Malzfabrik wurde 2012\/13 entkernt und soweit zur\u00fcckgebaut, dass die dreifl\u00fcgelige Klosterarchitektur wieder zum Vorschein kam. 2015 \u00fcbergab Ministerpr\u00e4sident Haseloff einen F\u00f6rderbescheid zur Erstellung eines Revitalisierungs- und Nutzungskonzepts f\u00fcr die historische Bausubstanz. Seitdem befinden sich die altehrw\u00fcrdigen Mauern in einem scheinbaren Dornr\u00f6schenschlaf.<br>Doch das t\u00e4uscht. Die Dachbekronung ist nur notd\u00fcrftig gesichert, das Niederschlagswasser wird nicht richtig abgef\u00fchrt, und das Areal ist immer wieder mal Tatort von Vandalismus.<br>Denkmalsch\u00fctzer kennen die zugespitzte Situation ganz genau &#8211; aber die Nienburger scheinen sich mit der Situation abgefunden zu haben, und die Stra\u00dfe-der-Romanik-Touristen stehen vor einem verschlossenen Tor\u2026<\/p>\n\n\n\n<p><strong>Das wollen der Kloster\/Schloss e.V. oder kurz &#8211; die Nienburger Schlossfreunde &#8211; \u00e4ndern!<\/strong><\/p>\n\n\n\n<hr class=\"wp-block-separator has-alpha-channel-opacity\"\/>\n\n\n\n<figure class=\"wp-block-image size-full animated backInUp\"><img loading=\"lazy\" decoding=\"async\" width=\"960\" height=\"543\" src=\"https:\/\/www.nienburger-schlossfreunde.de\/verein\/wp-content\/uploads\/2024\/02\/SchlossNienburg.jpg\" alt=\"\" class=\"wp-image-9\" srcset=\"https:\/\/www.nienburger-schlossfreunde.de\/verein\/wp-content\/uploads\/2024\/02\/SchlossNienburg.jpg 960w, https:\/\/www.nienburger-schlossfreunde.de\/verein\/wp-content\/uploads\/2024\/02\/SchlossNienburg-300x170.jpg 300w, https:\/\/www.nienburger-schlossfreunde.de\/verein\/wp-content\/uploads\/2024\/02\/SchlossNienburg-768x434.jpg 768w, https:\/\/www.nienburger-schlossfreunde.de\/verein\/wp-content\/uploads\/2024\/02\/SchlossNienburg-477x270.jpg 477w\" sizes=\"auto, (max-width: 960px) 100vw, 960px\" \/><\/figure>\n","protected":false},"excerpt":{"rendered":"<p>auf unserer neuen Internetseite. Die VorgeschichteDie zur Industriebrache verkommene, ehemalige Malzfabrik wurde 2012\/13 entkernt und soweit zur\u00fcckgebaut, dass die dreifl\u00fcgelige Klosterarchitektur wieder zum Vorschein kam. [&#8230;]<\/p>\n","protected":false},"author":1,"featured_media":0,"parent":0,"menu_order":0,"comment_status":"closed","ping_status":"closed","template":"templates\/template-sidebar-right.php","meta":{"_uag_custom_page_level_css":"","pgc_sgb_lightbox_settings":"","_themeisle_gutenberg_block_has_review":false,"footnotes":""},"class_list":["post-35","page","type-page","status-publish","hentry"],"featured_image_src":null,"uagb_featured_image_src":{"full":false,"thumbnail":false,"medium":false,"medium_large":false,"large":false,"1536x1536":false,"2048x2048":false,"post-thumbnail":false,"dynamico-featured-content":false,"dynamico-ultra-wide":false,"dynamico-landscape":false,"dynamico-classic":false,"dynamico-square":false,"dynamico-portrait":false},"uagb_author_info":{"display_name":"berndn","author_link":"https:\/\/www.nienburger-schlossfreunde.de\/verein\/author\/berndn\/"},"uagb_comment_info":0,"uagb_excerpt":"auf unserer neuen Internetseite. Die VorgeschichteDie zur Industriebrache verkommene, ehemalige Malzfabrik wurde 2012\/13 entkernt und soweit zur\u00fcckgebaut, dass die dreifl\u00fcgelige Klosterarchitektur wieder zum Vorschein kam. [...]","_links":{"self":[{"href":"https:\/\/www.nienburger-schlossfreunde.de\/verein\/wp-json\/wp\/v2\/pages\/35","targetHints":{"allow":["GET"]}}],"collection":[{"href":"https:\/\/www.nienburger-schlossfreunde.de\/verein\/wp-json\/wp\/v2\/pages"}],"about":[{"href":"https:\/\/www.nienburger-schlossfreunde.de\/verein\/wp-json\/wp\/v2\/types\/page"}],"author":[{"embeddable":true,"href":"https:\/\/www.nienburger-schlossfreunde.de\/verein\/wp-json\/wp\/v2\/users\/1"}],"replies":[{"embeddable":true,"href":"https:\/\/www.nienburger-schlossfreunde.de\/verein\/wp-json\/wp\/v2\/comments?post=35"}],"version-history":[{"count":10,"href":"https:\/\/www.nienburger-schlossfreunde.de\/verein\/wp-json\/wp\/v2\/pages\/35\/revisions"}],"predecessor-version":[{"id":229,"href":"https:\/\/www.nienburger-schlossfreunde.de\/verein\/wp-json\/wp\/v2\/pages\/35\/revisions\/229"}],"wp:attachment":[{"href":"https:\/\/www.nienburger-schlossfreunde.de\/verein\/wp-json\/wp\/v2\/media?parent=35"}],"curies":[{"name":"wp","href":"https:\/\/api.w.org\/{rel}","templated":true}]}}